{"id":2962,"date":"2020-12-11T12:40:02","date_gmt":"2020-12-11T11:40:02","guid":{"rendered":"http:\/\/entro.pl\/wordpress_008\/?page_id=2962"},"modified":"2021-03-09T18:49:49","modified_gmt":"2021-03-09T17:49:49","slug":"sprezarki-z-przelozeniem-pasowym","status":"publish","type":"page","link":"https:\/\/komprestor.pl\/?page_id=2962","title":{"rendered":"Spr\u0119\u017carki z prze\u0142o\u017ceniem pasowym"},"content":{"rendered":"\t\t<div data-elementor-type=\"wp-page\" data-elementor-id=\"2962\" class=\"elementor elementor-2962\" data-elementor-settings=\"[]\">\n\t\t\t\t\t\t<div class=\"elementor-inner\">\n\t\t\t\t\t\t\t<div class=\"elementor-section-wrap\">\n\t\t\t\t\t\t\t<section class=\"elementor-section elementor-top-section elementor-element elementor-element-c9dd7ae elementor-section-boxed elementor-section-height-default elementor-section-height-default\" data-id=\"c9dd7ae\" data-element_type=\"section\">\n\t\t\t\t\t\t<div class=\"elementor-container elementor-column-gap-default\">\n\t\t\t\t\t\t\t<div class=\"elementor-row\">\n\t\t\t\t\t<div class=\"elementor-column elementor-col-100 elementor-top-column elementor-element elementor-element-1a47b57\" data-id=\"1a47b57\" data-element_type=\"column\">\n\t\t\t<div class=\"elementor-column-wrap elementor-element-populated\">\n\t\t\t\t\t\t\t<div class=\"elementor-widget-wrap\">\n\t\t\t\t\t\t<div class=\"elementor-element elementor-element-a3955da elementor-widget elementor-widget-image\" data-id=\"a3955da\" data-element_type=\"widget\" data-widget_type=\"image.default\">\n\t\t\t\t<div class=\"elementor-widget-container\">\n\t\t\t\t\t<div class=\"elementor-image\">\n\t\t\t\t\t\t\t\t\t\t<img width=\"349\" height=\"46\" src=\"https:\/\/komprestor.pl\/wp-content\/uploads\/2020\/12\/Logo-Mark.jpg\" class=\"attachment-large size-large\" alt=\"\" loading=\"lazy\" srcset=\"https:\/\/komprestor.pl\/wp-content\/uploads\/2020\/12\/Logo-Mark.jpg 349w, https:\/\/komprestor.pl\/wp-content\/uploads\/2020\/12\/Logo-Mark-300x40.jpg 300w\" sizes=\"(max-width: 349px) 100vw, 349px\" \/>\t\t\t\t\t\t\t\t\t\t\t<\/div>\n\t\t\t\t<\/div>\n\t\t\t\t<\/div>\n\t\t\t\t\t\t<\/div>\n\t\t\t\t\t<\/div>\n\t\t<\/div>\n\t\t\t\t\t\t\t\t<\/div>\n\t\t\t\t\t<\/div>\n\t\t<\/section>\n\t\t\t\t<section class=\"elementor-section elementor-top-section elementor-element elementor-element-38232b5 elementor-section-boxed elementor-section-height-default elementor-section-height-default\" data-id=\"38232b5\" data-element_type=\"section\">\n\t\t\t\t\t\t<div class=\"elementor-container elementor-column-gap-default\">\n\t\t\t\t\t\t\t<div class=\"elementor-row\">\n\t\t\t\t\t<div class=\"elementor-column elementor-col-100 elementor-top-column elementor-element elementor-element-487eba3\" data-id=\"487eba3\" data-element_type=\"column\">\n\t\t\t<div class=\"elementor-column-wrap elementor-element-populated\">\n\t\t\t\t\t\t\t<div class=\"elementor-widget-wrap\">\n\t\t\t\t\t\t<div class=\"elementor-element elementor-element-18d0ee7 elementor-widget elementor-widget-text-editor\" data-id=\"18d0ee7\" data-element_type=\"widget\" data-widget_type=\"text-editor.default\">\n\t\t\t\t<div class=\"elementor-widget-container\">\n\t\t\t\t\t<div class=\"elementor-text-editor elementor-clearfix\"><\/div>\n\t\t\t\t<\/div>\n\t\t\t\t<\/div>\n\t\t\t\t\t\t<\/div>\n\t\t\t\t\t<\/div>\n\t\t<\/div>\n\t\t\t\t\t\t\t\t<\/div>\n\t\t\t\t\t<\/div>\n\t\t<\/section>\n\t\t\t\t<section class=\"elementor-section elementor-top-section elementor-element elementor-element-761d09d elementor-section-boxed elementor-section-height-default elementor-section-height-default\" data-id=\"761d09d\" data-element_type=\"section\">\n\t\t\t\t\t\t<div class=\"elementor-container elementor-column-gap-default\">\n\t\t\t\t\t\t\t<div class=\"elementor-row\">\n\t\t\t\t\t<div class=\"elementor-column elementor-col-100 elementor-top-column elementor-element elementor-element-b648a54\" data-id=\"b648a54\" data-element_type=\"column\">\n\t\t\t<div class=\"elementor-column-wrap elementor-element-populated\">\n\t\t\t\t\t\t\t<div class=\"elementor-widget-wrap\">\n\t\t\t\t\t\t<div class=\"elementor-element elementor-element-9d33dc9 elementor-position-left elementor-vertical-align-top elementor-widget elementor-widget-image-box\" data-id=\"9d33dc9\" data-element_type=\"widget\" data-widget_type=\"image-box.default\">\n\t\t\t\t<div class=\"elementor-widget-container\">\n\t\t\t<div class=\"elementor-image-box-wrapper\"><figure class=\"elementor-image-box-img\"><img width=\"1548\" height=\"1034\" src=\"https:\/\/komprestor.pl\/wp-content\/uploads\/2020\/12\/Naped-pasowy-mix.jpg\" class=\"attachment-full size-full\" alt=\"\" loading=\"lazy\" srcset=\"https:\/\/komprestor.pl\/wp-content\/uploads\/2020\/12\/Naped-pasowy-mix.jpg 1548w, https:\/\/komprestor.pl\/wp-content\/uploads\/2020\/12\/Naped-pasowy-mix-300x200.jpg 300w, https:\/\/komprestor.pl\/wp-content\/uploads\/2020\/12\/Naped-pasowy-mix-1024x684.jpg 1024w, https:\/\/komprestor.pl\/wp-content\/uploads\/2020\/12\/Naped-pasowy-mix-768x513.jpg 768w, https:\/\/komprestor.pl\/wp-content\/uploads\/2020\/12\/Naped-pasowy-mix-1536x1026.jpg 1536w, https:\/\/komprestor.pl\/wp-content\/uploads\/2020\/12\/Naped-pasowy-mix-600x401.jpg 600w\" sizes=\"(max-width: 1548px) 100vw, 1548px\" \/><\/figure><div class=\"elementor-image-box-content\"><p class=\"elementor-image-box-description\">Spr\u0119\u017cone powietrze to jedno z najwa\u017cniejszych medi\u00f3w energetycznych wsp\u00f3\u0142czesnych zak\u0142ad\u00f3w przemys\u0142owych wi\u0119kszo\u015bci bran\u017c. MARK oferuje a\u017c cztery warianty ci\u015bnieniowe spo\u015br\u00f3d jednostek o sta\u0142ej pr\u0119dko\u015bci obrotowej. Daje to mo\u017cliwo\u015b\u0107 precyzyjnego doboru w\u0142a\u015bciwej konfiguracji spr\u0119\u017carek do potrzeb danej aplikacji. Spr\u0119\u017carki MARK MSA, MSC, MSD oferuj\u0105 szeroki wachlarz wyboru od 15 do 90kW z nap\u0119dem pasowym, z regulacj\u0105 sta\u0142oobrotow\u0105. Zorientowanie na koszty energii oraz szczeg\u00f3lne wymagania danej aplikacji pozwalaj\u0105 na dob\u00f3r najbardziej odpowiedniego modelu. Niezale\u017cnie od wyboru, zastosowane we wszystkich modelach wysokiej klasy komponenty zapewniaj\u0105 niezawodn\u0105 eksploatacj\u0119 i wysok\u0105 sprawno\u015b\u0107.\n\n<\/p><\/div><\/div>\t\t<\/div>\n\t\t\t\t<\/div>\n\t\t\t\t\t\t<\/div>\n\t\t\t\t\t<\/div>\n\t\t<\/div>\n\t\t\t\t\t\t\t\t<\/div>\n\t\t\t\t\t<\/div>\n\t\t<\/section>\n\t\t\t\t<section class=\"elementor-section elementor-top-section elementor-element elementor-element-6f99f86 elementor-section-boxed elementor-section-height-default elementor-section-height-default\" data-id=\"6f99f86\" data-element_type=\"section\">\n\t\t\t\t\t\t<div class=\"elementor-container elementor-column-gap-default\">\n\t\t\t\t\t\t\t<div class=\"elementor-row\">\n\t\t\t\t\t<div class=\"elementor-column elementor-col-100 elementor-top-column elementor-element elementor-element-37d5fed\" data-id=\"37d5fed\" data-element_type=\"column\">\n\t\t\t<div class=\"elementor-column-wrap elementor-element-populated\">\n\t\t\t\t\t\t\t<div class=\"elementor-widget-wrap\">\n\t\t\t\t\t\t<div class=\"elementor-element elementor-element-096b981 elementor-widget elementor-widget-text-editor\" data-id=\"096b981\" data-element_type=\"widget\" data-widget_type=\"text-editor.default\">\n\t\t\t\t<div class=\"elementor-widget-container\">\n\t\t\t\t\t<div class=\"elementor-text-editor elementor-clearfix\"><p>Spr\u0119\u017carki z nap\u0119dem pasowym s\u0105 wyposa\u017cone&nbsp;<span style=\"letter-spacing: 0px;\">w odpowiednio zaprojektowany system nap\u0119dowy.&nbsp;<\/span><span style=\"letter-spacing: 0px;\">Jest on wyposa\u017cony w wysokiej klasy silnik elektryczny&nbsp;<\/span><span style=\"letter-spacing: 0px;\">o sta\u0142ej pr\u0119dko\u015bci obrotowej.&nbsp;<\/span><span style=\"letter-spacing: 0px;\">Wyb\u00f3r spr\u0119\u017carki z nap\u0119dem pasowym to:<\/span><\/p>\n<p><\/p>\n<ul>\n<li>\u0141atwa obs\u0142uga<\/li>\n<li>Prosta instalacja<\/li>\n<li>Przyjazna praca<\/li>\n<li>Przemys\u0142owy standard<\/li>\n<\/ul><\/div>\n\t\t\t\t<\/div>\n\t\t\t\t<\/div>\n\t\t\t\t\t\t<\/div>\n\t\t\t\t\t<\/div>\n\t\t<\/div>\n\t\t\t\t\t\t\t\t<\/div>\n\t\t\t\t\t<\/div>\n\t\t<\/section>\n\t\t\t\t<section class=\"elementor-section elementor-top-section elementor-element elementor-element-885ae69 elementor-section-boxed elementor-section-height-default elementor-section-height-default\" data-id=\"885ae69\" data-element_type=\"section\">\n\t\t\t\t\t\t<div class=\"elementor-container elementor-column-gap-default\">\n\t\t\t\t\t\t\t<div class=\"elementor-row\">\n\t\t\t\t\t<div class=\"elementor-column elementor-col-100 elementor-top-column elementor-element elementor-element-abcb6aa\" data-id=\"abcb6aa\" data-element_type=\"column\">\n\t\t\t<div class=\"elementor-column-wrap elementor-element-populated\">\n\t\t\t\t\t\t\t<div class=\"elementor-widget-wrap\">\n\t\t\t\t\t\t<div class=\"elementor-element elementor-element-09f7a9a elementor-widget elementor-widget-text-editor\" data-id=\"09f7a9a\" data-element_type=\"widget\" data-widget_type=\"text-editor.default\">\n\t\t\t\t<div class=\"elementor-widget-container\">\n\t\t\t\t\t<div class=\"elementor-text-editor elementor-clearfix\"><ul><li><a href=\"http:\/\/komprestor.pl\/?page_id=2398\">Seria MSM &#8211; spr\u0119\u017carki \u015brubowe od 2,2 &#8211; 15 kW<\/a><\/li><li><a href=\"http:\/\/komprestor.pl\/?page_id=2406\">Seria MSA &#8211; spr\u0119\u017carki od 4 &#8211; 15kW<\/a><\/li><li><a href=\"http:\/\/komprestor.pl\/?page_id=2417\" target=\"_blank\" rel=\"noopener\">Seria MSC &#8211; spr\u0119\u017carki od 30 &#8211; 45 kW<\/a><\/li><\/ul><\/div>\n\t\t\t\t<\/div>\n\t\t\t\t<\/div>\n\t\t\t\t\t\t<\/div>\n\t\t\t\t\t<\/div>\n\t\t<\/div>\n\t\t\t\t\t\t\t\t<\/div>\n\t\t\t\t\t<\/div>\n\t\t<\/section>\n\t\t\t\t\t\t<\/div>\n\t\t\t\t\t\t<\/div>\n\t\t\t\t\t<\/div>\n\t\t","protected":false},"excerpt":{"rendered":"<p>Spr\u0119\u017cone powietrze to jedno z najwa\u017cniejszych medi\u00f3w energetycznych wsp\u00f3\u0142czesnych zak\u0142ad\u00f3w przemys\u0142owych wi\u0119kszo\u015bci bran\u017c. MARK oferuje a\u017c cztery warianty ci\u015bnieniowe spo\u015br\u00f3d jednostek o sta\u0142ej pr\u0119dko\u015bci obrotowej. Daje to mo\u017cliwo\u015b\u0107 precyzyjnego doboru w\u0142a\u015bciwej konfiguracji spr\u0119\u017carek do potrzeb danej aplikacji. Spr\u0119\u017carki MARK MSA, MSC, MSD oferuj\u0105 szeroki wachlarz wyboru od 15 do 90kW z nap\u0119dem pasowym, z regulacj\u0105 [&hellip;]<\/p>\n","protected":false},"author":1,"featured_media":0,"parent":0,"menu_order":0,"comment_status":"closed","ping_status":"closed","template":"","meta":[],"_links":{"self":[{"href":"https:\/\/komprestor.pl\/index.php?rest_route=\/wp\/v2\/pages\/2962"}],"collection":[{"href":"https:\/\/komprestor.pl\/index.php?rest_route=\/wp\/v2\/pages"}],"about":[{"href":"https:\/\/komprestor.pl\/index.php?rest_route=\/wp\/v2\/types\/page"}],"author":[{"embeddable":true,"href":"https:\/\/komprestor.pl\/index.php?rest_route=\/wp\/v2\/users\/1"}],"replies":[{"embeddable":true,"href":"https:\/\/komprestor.pl\/index.php?rest_route=%2Fwp%2Fv2%2Fcomments&post=2962"}],"version-history":[{"count":37,"href":"https:\/\/komprestor.pl\/index.php?rest_route=\/wp\/v2\/pages\/2962\/revisions"}],"predecessor-version":[{"id":4427,"href":"https:\/\/komprestor.pl\/index.php?rest_route=\/wp\/v2\/pages\/2962\/revisions\/4427"}],"wp:attachment":[{"href":"https:\/\/komprestor.pl\/index.php?rest_route=%2Fwp%2Fv2%2Fmedia&parent=2962"}],"curies":[{"name":"wp","href":"https:\/\/api.w.org\/{rel}","templated":true}]}}