{"id":2417,"date":"2020-12-02T05:06:09","date_gmt":"2020-12-02T04:06:09","guid":{"rendered":"http:\/\/entro.pl\/wordpress_008\/?page_id=2417"},"modified":"2020-12-17T21:16:48","modified_gmt":"2020-12-17T20:16:48","slug":"seria-msc","status":"publish","type":"page","link":"https:\/\/komprestor.pl\/?page_id=2417","title":{"rendered":"Seria MSC 30 &#8211; 45 kW"},"content":{"rendered":"\t\t<div data-elementor-type=\"wp-page\" data-elementor-id=\"2417\" class=\"elementor elementor-2417\" data-elementor-settings=\"[]\">\n\t\t\t\t\t\t<div class=\"elementor-inner\">\n\t\t\t\t\t\t\t<div class=\"elementor-section-wrap\">\n\t\t\t\t\t\t\t<section class=\"elementor-section elementor-top-section elementor-element elementor-element-e7526f6 elementor-section-boxed elementor-section-height-default elementor-section-height-default\" data-id=\"e7526f6\" data-element_type=\"section\">\n\t\t\t\t\t\t<div class=\"elementor-container elementor-column-gap-default\">\n\t\t\t\t\t\t\t<div class=\"elementor-row\">\n\t\t\t\t\t<div class=\"elementor-column elementor-col-50 elementor-top-column elementor-element elementor-element-2420424\" data-id=\"2420424\" data-element_type=\"column\">\n\t\t\t<div class=\"elementor-column-wrap elementor-element-populated\">\n\t\t\t\t\t\t\t<div class=\"elementor-widget-wrap\">\n\t\t\t\t\t\t<div class=\"elementor-element elementor-element-cd6b91b elementor-align-left elementor-widget elementor-widget-button\" data-id=\"cd6b91b\" data-element_type=\"widget\" data-widget_type=\"button.default\">\n\t\t\t\t<div class=\"elementor-widget-container\">\n\t\t\t\t\t<div class=\"elementor-button-wrapper\">\n\t\t\t<a href=\"http:\/\/komprestor.pl\/wp-content\/uploads\/2020\/12\/KATALOG-zbiorczy-MSC_MSD_RMA_RMB_RMC_RMD_RME_RMF.pdf\" class=\"elementor-button-link elementor-button elementor-size-xs\" role=\"button\">\n\t\t\t\t\t\t<span class=\"elementor-button-content-wrapper\">\n\t\t\t\t\t\t<span class=\"elementor-button-icon elementor-align-icon-right\">\n\t\t\t\t<i aria-hidden=\"true\" class=\"far fa-hand-lizard\"><\/i>\t\t\t<\/span>\n\t\t\t\t\t\t<span class=\"elementor-button-text\">Pobierz katalog MSC<\/span>\n\t\t<\/span>\n\t\t\t\t\t<\/a>\n\t\t<\/div>\n\t\t\t\t<\/div>\n\t\t\t\t<\/div>\n\t\t\t\t\t\t<\/div>\n\t\t\t\t\t<\/div>\n\t\t<\/div>\n\t\t\t\t<div class=\"elementor-column elementor-col-50 elementor-top-column elementor-element elementor-element-d8a600b\" data-id=\"d8a600b\" data-element_type=\"column\">\n\t\t\t<div class=\"elementor-column-wrap elementor-element-populated\">\n\t\t\t\t\t\t\t<div class=\"elementor-widget-wrap\">\n\t\t\t\t\t\t<div class=\"elementor-element elementor-element-0f21be6 elementor-align-right elementor-widget elementor-widget-button\" data-id=\"0f21be6\" data-element_type=\"widget\" data-widget_type=\"button.default\">\n\t\t\t\t<div class=\"elementor-widget-container\">\n\t\t\t\t\t<div class=\"elementor-button-wrapper\">\n\t\t\t<a href=\"http:\/\/komprestor.pl\/?page_id=2130\" class=\"elementor-button-link elementor-button elementor-size-xs\" role=\"button\">\n\t\t\t\t\t\t<span class=\"elementor-button-content-wrapper\">\n\t\t\t\t\t\t<span class=\"elementor-button-icon elementor-align-icon-right\">\n\t\t\t\t<i aria-hidden=\"true\" class=\"far fa-share-square\"><\/i>\t\t\t<\/span>\n\t\t\t\t\t\t<span class=\"elementor-button-text\">Zapytaj o produkt<\/span>\n\t\t<\/span>\n\t\t\t\t\t<\/a>\n\t\t<\/div>\n\t\t\t\t<\/div>\n\t\t\t\t<\/div>\n\t\t\t\t\t\t<\/div>\n\t\t\t\t\t<\/div>\n\t\t<\/div>\n\t\t\t\t\t\t\t\t<\/div>\n\t\t\t\t\t<\/div>\n\t\t<\/section>\n\t\t\t\t<section class=\"elementor-section elementor-top-section elementor-element elementor-element-1ebc290 elementor-section-boxed elementor-section-height-default elementor-section-height-default\" data-id=\"1ebc290\" data-element_type=\"section\">\n\t\t\t\t\t\t<div class=\"elementor-container elementor-column-gap-default\">\n\t\t\t\t\t\t\t<div class=\"elementor-row\">\n\t\t\t\t\t<div class=\"elementor-column elementor-col-100 elementor-top-column elementor-element elementor-element-a265242\" data-id=\"a265242\" data-element_type=\"column\">\n\t\t\t<div class=\"elementor-column-wrap elementor-element-populated\">\n\t\t\t\t\t\t\t<div class=\"elementor-widget-wrap\">\n\t\t\t\t\t\t<div class=\"elementor-element elementor-element-b496637 elementor-widget elementor-widget-image\" data-id=\"b496637\" data-element_type=\"widget\" data-widget_type=\"image.default\">\n\t\t\t\t<div class=\"elementor-widget-container\">\n\t\t\t\t\t<div class=\"elementor-image\">\n\t\t\t\t\t\t\t\t\t\t<img width=\"349\" height=\"46\" src=\"https:\/\/komprestor.pl\/wp-content\/uploads\/2020\/12\/Logo-Mark.jpg\" class=\"attachment-large size-large\" alt=\"\" loading=\"lazy\" srcset=\"https:\/\/komprestor.pl\/wp-content\/uploads\/2020\/12\/Logo-Mark.jpg 349w, https:\/\/komprestor.pl\/wp-content\/uploads\/2020\/12\/Logo-Mark-300x40.jpg 300w\" sizes=\"(max-width: 349px) 100vw, 349px\" \/>\t\t\t\t\t\t\t\t\t\t\t<\/div>\n\t\t\t\t<\/div>\n\t\t\t\t<\/div>\n\t\t\t\t\t\t<\/div>\n\t\t\t\t\t<\/div>\n\t\t<\/div>\n\t\t\t\t\t\t\t\t<\/div>\n\t\t\t\t\t<\/div>\n\t\t<\/section>\n\t\t\t\t<section class=\"elementor-section elementor-top-section elementor-element elementor-element-d9cd90b elementor-section-boxed elementor-section-height-default elementor-section-height-default\" data-id=\"d9cd90b\" data-element_type=\"section\">\n\t\t\t\t\t\t<div class=\"elementor-container elementor-column-gap-default\">\n\t\t\t\t\t\t\t<div class=\"elementor-row\">\n\t\t\t\t\t<div class=\"elementor-column elementor-col-100 elementor-top-column elementor-element elementor-element-395b3f9\" data-id=\"395b3f9\" data-element_type=\"column\">\n\t\t\t<div class=\"elementor-column-wrap elementor-element-populated\">\n\t\t\t\t\t\t\t<div class=\"elementor-widget-wrap\">\n\t\t\t\t\t\t<div class=\"elementor-element elementor-element-339e324 elementor-position-left elementor-vertical-align-top elementor-widget elementor-widget-image-box\" data-id=\"339e324\" data-element_type=\"widget\" data-widget_type=\"image-box.default\">\n\t\t\t\t<div class=\"elementor-widget-container\">\n\t\t\t<div class=\"elementor-image-box-wrapper\"><figure class=\"elementor-image-box-img\"><img width=\"1516\" height=\"1018\" src=\"https:\/\/komprestor.pl\/wp-content\/uploads\/2020\/12\/MSC-2.jpg\" class=\"attachment-full size-full\" alt=\"\" loading=\"lazy\" srcset=\"https:\/\/komprestor.pl\/wp-content\/uploads\/2020\/12\/MSC-2.jpg 1516w, https:\/\/komprestor.pl\/wp-content\/uploads\/2020\/12\/MSC-2-300x201.jpg 300w, https:\/\/komprestor.pl\/wp-content\/uploads\/2020\/12\/MSC-2-1024x688.jpg 1024w, https:\/\/komprestor.pl\/wp-content\/uploads\/2020\/12\/MSC-2-768x516.jpg 768w, https:\/\/komprestor.pl\/wp-content\/uploads\/2020\/12\/MSC-2-600x403.jpg 600w\" sizes=\"(max-width: 1516px) 100vw, 1516px\" \/><\/figure><div class=\"elementor-image-box-content\"><h3 class=\"elementor-image-box-title\"><br>SPR\u0118\u017bARKI O WYJ\u0104TKOWEJ SPRAWNO\u015aCI<\/h3><p class=\"elementor-image-box-description\">Produkowane w naszych zak\u0142adach wirniki \u015brubowe o profilu\nasymetrycznym i jednakowej \u015brednicy umieszczone s\u0105 na\nwysokiej klasy \u0142o\u017cyskach. Wysokiej jako\u015bci uszczelnienia i\nniewielkie tolerancje wymiar\u00f3w zastosowanych cz\u0119\u015bci\ngwarantuj\u0105 nawet dla niewielkich mocy:\n\u2022 Wi\u0119ksz\u0105 wydajno\u015b\u0107\n\u2022 Wysok\u0105 sprawno\u015b\u0107\n\u2022 D\u0142ugotrwa\u0142o\u015b\u0107 i niezawodno\u015b\u0107\n<\/p><\/div><\/div>\t\t<\/div>\n\t\t\t\t<\/div>\n\t\t\t\t\t\t<\/div>\n\t\t\t\t\t<\/div>\n\t\t<\/div>\n\t\t\t\t\t\t\t\t<\/div>\n\t\t\t\t\t<\/div>\n\t\t<\/section>\n\t\t\t\t<section class=\"elementor-section elementor-top-section elementor-element elementor-element-4f4359f elementor-section-boxed elementor-section-height-default elementor-section-height-default\" data-id=\"4f4359f\" data-element_type=\"section\">\n\t\t\t\t\t\t<div class=\"elementor-container elementor-column-gap-default\">\n\t\t\t\t\t\t\t<div class=\"elementor-row\">\n\t\t\t\t\t<div class=\"elementor-column elementor-col-100 elementor-top-column elementor-element elementor-element-2385169\" data-id=\"2385169\" data-element_type=\"column\">\n\t\t\t<div class=\"elementor-column-wrap elementor-element-populated\">\n\t\t\t\t\t\t\t<div class=\"elementor-widget-wrap\">\n\t\t\t\t\t\t<div class=\"elementor-element elementor-element-653aa6c elementor-widget elementor-widget-image\" data-id=\"653aa6c\" data-element_type=\"widget\" data-widget_type=\"image.default\">\n\t\t\t\t<div class=\"elementor-widget-container\">\n\t\t\t\t\t<div class=\"elementor-image\">\n\t\t\t\t\t\t\t\t\t\t<img width=\"1024\" height=\"634\" src=\"https:\/\/komprestor.pl\/wp-content\/uploads\/2020\/12\/MSC-komponenty-1024x634.jpg\" class=\"attachment-large size-large\" alt=\"\" loading=\"lazy\" srcset=\"https:\/\/komprestor.pl\/wp-content\/uploads\/2020\/12\/MSC-komponenty-1024x634.jpg 1024w, https:\/\/komprestor.pl\/wp-content\/uploads\/2020\/12\/MSC-komponenty-300x186.jpg 300w, https:\/\/komprestor.pl\/wp-content\/uploads\/2020\/12\/MSC-komponenty-768x476.jpg 768w, https:\/\/komprestor.pl\/wp-content\/uploads\/2020\/12\/MSC-komponenty-1536x951.jpg 1536w, https:\/\/komprestor.pl\/wp-content\/uploads\/2020\/12\/MSC-komponenty-600x371.jpg 600w, https:\/\/komprestor.pl\/wp-content\/uploads\/2020\/12\/MSC-komponenty.jpg 1922w\" sizes=\"(max-width: 1024px) 100vw, 1024px\" \/>\t\t\t\t\t\t\t\t\t\t\t<\/div>\n\t\t\t\t<\/div>\n\t\t\t\t<\/div>\n\t\t\t\t\t\t<\/div>\n\t\t\t\t\t<\/div>\n\t\t<\/div>\n\t\t\t\t\t\t\t\t<\/div>\n\t\t\t\t\t<\/div>\n\t\t<\/section>\n\t\t\t\t<section class=\"elementor-section elementor-top-section elementor-element elementor-element-4bd4380 elementor-section-boxed elementor-section-height-default elementor-section-height-default\" data-id=\"4bd4380\" data-element_type=\"section\">\n\t\t\t\t\t\t<div class=\"elementor-container elementor-column-gap-default\">\n\t\t\t\t\t\t\t<div class=\"elementor-row\">\n\t\t\t\t\t<div class=\"elementor-column elementor-col-100 elementor-top-column elementor-element elementor-element-2b01d50\" data-id=\"2b01d50\" data-element_type=\"column\">\n\t\t\t<div class=\"elementor-column-wrap elementor-element-populated\">\n\t\t\t\t\t\t\t<div class=\"elementor-widget-wrap\">\n\t\t\t\t\t\t<div class=\"elementor-element elementor-element-5355293 elementor-widget elementor-widget-image\" data-id=\"5355293\" data-element_type=\"widget\" data-widget_type=\"image.default\">\n\t\t\t\t<div class=\"elementor-widget-container\">\n\t\t\t\t\t<div class=\"elementor-image\">\n\t\t\t\t\t\t\t\t\t\t<img width=\"751\" height=\"1024\" src=\"https:\/\/komprestor.pl\/wp-content\/uploads\/2020\/12\/MSC-i-MSD-dane-2-751x1024.jpg\" class=\"attachment-large size-large\" alt=\"\" loading=\"lazy\" srcset=\"https:\/\/komprestor.pl\/wp-content\/uploads\/2020\/12\/MSC-i-MSD-dane-2-751x1024.jpg 751w, https:\/\/komprestor.pl\/wp-content\/uploads\/2020\/12\/MSC-i-MSD-dane-2-220x300.jpg 220w, https:\/\/komprestor.pl\/wp-content\/uploads\/2020\/12\/MSC-i-MSD-dane-2-768x1047.jpg 768w, https:\/\/komprestor.pl\/wp-content\/uploads\/2020\/12\/MSC-i-MSD-dane-2-1127x1536.jpg 1127w, https:\/\/komprestor.pl\/wp-content\/uploads\/2020\/12\/MSC-i-MSD-dane-2-1502x2048.jpg 1502w, https:\/\/komprestor.pl\/wp-content\/uploads\/2020\/12\/MSC-i-MSD-dane-2-600x818.jpg 600w, https:\/\/komprestor.pl\/wp-content\/uploads\/2020\/12\/MSC-i-MSD-dane-2-scaled.jpg 1878w\" sizes=\"(max-width: 751px) 100vw, 751px\" \/>\t\t\t\t\t\t\t\t\t\t\t<\/div>\n\t\t\t\t<\/div>\n\t\t\t\t<\/div>\n\t\t\t\t\t\t<\/div>\n\t\t\t\t\t<\/div>\n\t\t<\/div>\n\t\t\t\t\t\t\t\t<\/div>\n\t\t\t\t\t<\/div>\n\t\t<\/section>\n\t\t\t\t\t\t<\/div>\n\t\t\t\t\t\t<\/div>\n\t\t\t\t\t<\/div>\n\t\t","protected":false},"excerpt":{"rendered":"<p>Pobierz katalog MSC Zapytaj o produkt SPR\u0118\u017bARKI O WYJ\u0104TKOWEJ SPRAWNO\u015aCI Produkowane w naszych zak\u0142adach wirniki \u015brubowe o profilu asymetrycznym i jednakowej \u015brednicy umieszczone s\u0105 na wysokiej klasy \u0142o\u017cyskach. Wysokiej jako\u015bci uszczelnienia i niewielkie tolerancje wymiar\u00f3w zastosowanych cz\u0119\u015bci gwarantuj\u0105 nawet dla niewielkich mocy: \u2022 Wi\u0119ksz\u0105 wydajno\u015b\u0107 \u2022 Wysok\u0105 sprawno\u015b\u0107 \u2022 D\u0142ugotrwa\u0142o\u015b\u0107 i niezawodno\u015b\u0107<\/p>\n","protected":false},"author":1,"featured_media":0,"parent":0,"menu_order":0,"comment_status":"closed","ping_status":"closed","template":"","meta":[],"_links":{"self":[{"href":"https:\/\/komprestor.pl\/index.php?rest_route=\/wp\/v2\/pages\/2417"}],"collection":[{"href":"https:\/\/komprestor.pl\/index.php?rest_route=\/wp\/v2\/pages"}],"about":[{"href":"https:\/\/komprestor.pl\/index.php?rest_route=\/wp\/v2\/types\/page"}],"author":[{"embeddable":true,"href":"https:\/\/komprestor.pl\/index.php?rest_route=\/wp\/v2\/users\/1"}],"replies":[{"embeddable":true,"href":"https:\/\/komprestor.pl\/index.php?rest_route=%2Fwp%2Fv2%2Fcomments&post=2417"}],"version-history":[{"count":38,"href":"https:\/\/komprestor.pl\/index.php?rest_route=\/wp\/v2\/pages\/2417\/revisions"}],"predecessor-version":[{"id":4179,"href":"https:\/\/komprestor.pl\/index.php?rest_route=\/wp\/v2\/pages\/2417\/revisions\/4179"}],"wp:attachment":[{"href":"https:\/\/komprestor.pl\/index.php?rest_route=%2Fwp%2Fv2%2Fmedia&parent=2417"}],"curies":[{"name":"wp","href":"https:\/\/api.w.org\/{rel}","templated":true}]}}